{"id":909,"date":"2023-12-08T13:14:29","date_gmt":"2023-12-08T12:14:29","guid":{"rendered":"https:\/\/robson-carpenters.pl\/?page_id=909"},"modified":"2023-12-08T23:02:02","modified_gmt":"2023-12-08T22:02:02","slug":"wycena","status":"publish","type":"page","link":"https:\/\/robson-carpenters.pl\/?page_id=909","title":{"rendered":"Wycena"},"content":{"rendered":"\n<p class=\"has-text-align-center has-text-color has-link-color wp-elements-61631c71902327574619c3df24c45dcb\" style=\"color:#a67f3c;font-size:20px\">Proces wyceny danego projektu jest kompleksowym zadaniem, kt\u00f3re uwzgl\u0119dnia w sobie wiele indywidualnych czynnik\u00f3w. Ka\u017cda tworzona przez nas wycena jest unikalna ze wzgl\u0119du na r\u00f3\u017cnorodno\u015b\u0107 projekt\u00f3w, wykorzystywanych materia\u0142\u00f3w, potrzeb klienta i innych zmiennych. W rezultacie ka\u017cdy projekt jest unikalny, a cena poszczeg\u00f3lnych realizacji mo\u017ce si\u0119 od siebie r\u00f3\u017cni\u0107. Warto podkre\u015bli\u0107, \u017ce indywidualno\u015b\u0107 projektu i wysoka jako\u015b\u0107 materia\u0142\u00f3w wp\u0142ywa na trwa\u0142o\u015b\u0107 i ostateczn\u0105 satysfakcj\u0119 klienta.<\/p>\n\n\n\n<p><\/p>\n\n\n\n<p class=\"has-text-align-center has-text-color has-link-color wp-elements-c21391cb9e883527cc030344d2e7e239\" style=\"color:#a67f3c;font-size:24px\"><strong>ETAPY WSP\u00d3\u0141PRACY<\/strong><\/p>\n\n\n\n<div class=\"wp-block-columns is-layout-flex wp-container-core-columns-is-layout-28f84493 wp-block-columns-is-layout-flex\">\n<div class=\"wp-block-column is-layout-flow wp-block-column-is-layout-flow\" style=\"flex-basis:100%\">\n<div class=\"wp-block-columns is-layout-flex wp-container-core-columns-is-layout-28f84493 wp-block-columns-is-layout-flex\">\n<div class=\"wp-block-column is-layout-flow wp-block-column-is-layout-flow\">\n<figure class=\"wp-block-image size-full is-resized is-style-chevron-right\"><img loading=\"lazy\" decoding=\"async\" width=\"1000\" height=\"740\" src=\"https:\/\/robson-carpenters.pl\/wp-content\/uploads\/2023\/12\/1000_F_125610096_HWk9Yqttwy8eGojxFWuxqRXcECwOcPak.jpg\" alt=\"\" class=\"wp-image-919\" style=\"aspect-ratio:1.7777777777777777;object-fit:cover;width:377px;height:auto\" srcset=\"https:\/\/robson-carpenters.pl\/wp-content\/uploads\/2023\/12\/1000_F_125610096_HWk9Yqttwy8eGojxFWuxqRXcECwOcPak.jpg 1000w, https:\/\/robson-carpenters.pl\/wp-content\/uploads\/2023\/12\/1000_F_125610096_HWk9Yqttwy8eGojxFWuxqRXcECwOcPak-300x222.jpg 300w, https:\/\/robson-carpenters.pl\/wp-content\/uploads\/2023\/12\/1000_F_125610096_HWk9Yqttwy8eGojxFWuxqRXcECwOcPak-768x568.jpg 768w\" sizes=\"auto, (max-width: 1000px) 100vw, 1000px\" \/><\/figure>\n\n\n\n<p><\/p>\n\n\n\n<p class=\"has-text-align-center has-text-color has-link-color wp-elements-da9472fd858d637b01e429d078bcfff1\" style=\"color:#a67f3c;font-size:20px\"><strong>SPOTKANIE<\/strong><\/p>\n\n\n\n<p class=\"has-text-align-center has-text-color has-link-color wp-elements-dd64303cd82528bda1e4ab79c2464b6b\" style=\"color:#a67f3c;font-size:20px\">W trakcie pierwszego spotkania wykonujemy niezb\u0119dne pomiary pomieszczenia, w kt\u00f3rym maj\u0105 znajdowa\u0107 si\u0119 meble oraz ustalamy szczeg\u00f3\u0142y dotycz\u0105ce wykonania, tj. wst\u0119pny zarys mebli, wykorzystane materia\u0142y oraz akcesoria. Dodatkowo sprawdzamy umiejscowienie przy\u0142\u0105cze\u0144 elektrycznych, wodnych i kanalizacyjnych, aby w razie konieczno\u015bci mo\u017cna by\u0142o dokona\u0107 odpowiednich korekt.<\/p>\n<\/div>\n\n\n\n<div class=\"wp-block-column is-layout-flow wp-block-column-is-layout-flow\">\n<figure class=\"wp-block-image size-large is-resized is-style-chevron-right\"><img loading=\"lazy\" decoding=\"async\" width=\"1024\" height=\"768\" src=\"https:\/\/robson-carpenters.pl\/wp-content\/uploads\/2023\/12\/ziemichod-1-1024x768.jpg\" alt=\"\" class=\"wp-image-918\" style=\"aspect-ratio:16\/9;object-fit:cover;width:377px;height:auto\" srcset=\"https:\/\/robson-carpenters.pl\/wp-content\/uploads\/2023\/12\/ziemichod-1-1024x768.jpg 1024w, https:\/\/robson-carpenters.pl\/wp-content\/uploads\/2023\/12\/ziemichod-1-300x225.jpg 300w, https:\/\/robson-carpenters.pl\/wp-content\/uploads\/2023\/12\/ziemichod-1-768x576.jpg 768w, https:\/\/robson-carpenters.pl\/wp-content\/uploads\/2023\/12\/ziemichod-1-1536x1152.jpg 1536w, https:\/\/robson-carpenters.pl\/wp-content\/uploads\/2023\/12\/ziemichod-1.jpg 1600w\" sizes=\"auto, (max-width: 1024px) 100vw, 1024px\" \/><\/figure>\n\n\n\n<p><\/p>\n\n\n\n<p class=\"has-text-align-center has-text-color has-link-color wp-elements-27d1cefd55bfaf65067e333d4b0a3f04\" style=\"color:#a67f3c;font-size:20px\"><strong>PROJEKT I WYCENA<\/strong><\/p>\n\n\n\n<p class=\"has-text-align-center has-text-color has-link-color wp-elements-6c2b459f3da1a7248b8f0d202dc7c0d9\" style=\"color:#a67f3c;font-size:20px\">W tym kroku na podstawie pierwszych ustale\u0144 przedstawiamy wycen\u0119 danego projektu oraz wizualizacj\u0119 (je\u015bli klient sobie tego \u017cyczy). Dzi\u0119ki takim dzia\u0142aniom mo\u017cemy dostosowa\u0107 koszty oraz wyposa\u017cenie, a tak\u017ce zmieni\u0107 uk\u0142ad przestrzenny mebli. Po zaakceptowaniu wyceny nast\u0119puje podpisanie umowy wykonania mebli oraz pobranie zaliczki w wysoko\u015bci 50 % ustalonej kwoty wykonania.<\/p>\n<\/div>\n\n\n\n<div class=\"wp-block-column is-layout-flow wp-block-column-is-layout-flow\">\n<figure class=\"wp-block-image size-large is-resized is-style-chevron-right\"><img loading=\"lazy\" decoding=\"async\" width=\"1024\" height=\"768\" src=\"https:\/\/robson-carpenters.pl\/wp-content\/uploads\/2023\/12\/1G-1-1024x768.jpeg\" alt=\"\" class=\"wp-image-928\" style=\"aspect-ratio:16\/9;object-fit:cover;width:377px\" srcset=\"https:\/\/robson-carpenters.pl\/wp-content\/uploads\/2023\/12\/1G-1-1024x768.jpeg 1024w, https:\/\/robson-carpenters.pl\/wp-content\/uploads\/2023\/12\/1G-1-300x225.jpeg 300w, https:\/\/robson-carpenters.pl\/wp-content\/uploads\/2023\/12\/1G-1-768x576.jpeg 768w, https:\/\/robson-carpenters.pl\/wp-content\/uploads\/2023\/12\/1G-1-1536x1152.jpeg 1536w, https:\/\/robson-carpenters.pl\/wp-content\/uploads\/2023\/12\/1G-1-2048x1536.jpeg 2048w\" sizes=\"auto, (max-width: 1024px) 100vw, 1024px\" \/><\/figure>\n\n\n\n<p><\/p>\n\n\n\n<p class=\"has-text-align-center has-text-color has-link-color wp-elements-7edf73fb2b9062f694bc31b8d18b83ca\" style=\"color:#a67f3c;font-size:20px\"><strong>REALIZACJA<\/strong><\/p>\n\n\n\n<p class=\"has-text-align-center has-text-color has-link-color wp-elements-a09445684c3152a610cc4cd5eaab48d3\" style=\"color:#a67f3c;font-size:20px\">Ostatnim etapem realizacji jest przyst\u0105pienie do produkcji mebli. Czas wykonania jest uzale\u017cniony od indywidualnych ustale\u0144 i czynnik\u00f3w. Po wykonaniu mebli nast\u0119puje bezpieczny transport na miejsce oraz rozpocz\u0119cie monta\u017cu. Kiedy monta\u017c zostaje zako\u0144czony, a klient mo\u017ce cieszy\u0107 si\u0119 z nowych mebli proces realizacji zam\u00f3wienia zostaje zako\u0144czony, a my liczymy na pozytywn\u0105 rekomendacj\u0119 w\u015br\u00f3d najbli\u017cszych i znajomych oraz wystawienie opinii w intrenecie. <\/p>\n<\/div>\n<\/div>\n<\/div>\n<\/div>\n","protected":false},"excerpt":{"rendered":"<p>Proces wyceny danego projektu jest kompleksowym zadaniem, kt\u00f3re uwzgl\u0119dnia w sobie wiele indywidualnych czynnik\u00f3w. Ka\u017cda tworzona przez nas wycena jest&hellip;<\/p>\n","protected":false},"author":1,"featured_media":0,"parent":0,"menu_order":0,"comment_status":"closed","ping_status":"closed","template":"template-no-title.php","meta":{"ngg_post_thumbnail":0,"footnotes":""},"class_list":["post-909","page","type-page","status-publish","hentry"],"_links":{"self":[{"href":"https:\/\/robson-carpenters.pl\/index.php?rest_route=\/wp\/v2\/pages\/909","targetHints":{"allow":["GET"]}}],"collection":[{"href":"https:\/\/robson-carpenters.pl\/index.php?rest_route=\/wp\/v2\/pages"}],"about":[{"href":"https:\/\/robson-carpenters.pl\/index.php?rest_route=\/wp\/v2\/types\/page"}],"author":[{"embeddable":true,"href":"https:\/\/robson-carpenters.pl\/index.php?rest_route=\/wp\/v2\/users\/1"}],"replies":[{"embeddable":true,"href":"https:\/\/robson-carpenters.pl\/index.php?rest_route=%2Fwp%2Fv2%2Fcomments&post=909"}],"version-history":[{"count":6,"href":"https:\/\/robson-carpenters.pl\/index.php?rest_route=\/wp\/v2\/pages\/909\/revisions"}],"predecessor-version":[{"id":931,"href":"https:\/\/robson-carpenters.pl\/index.php?rest_route=\/wp\/v2\/pages\/909\/revisions\/931"}],"wp:attachment":[{"href":"https:\/\/robson-carpenters.pl\/index.php?rest_route=%2Fwp%2Fv2%2Fmedia&parent=909"}],"curies":[{"name":"wp","href":"https:\/\/api.w.org\/{rel}","templated":true}]}}